{"id":303,"date":"2026-08-18T01:25:36","date_gmt":"2026-08-18T01:25:36","guid":{"rendered":"https:\/\/myntwork.com\/es-es\/ciclo-de-vida-del-mobiliario-2\/"},"modified":"2026-08-18T01:25:36","modified_gmt":"2026-08-18T01:25:36","slug":"ciclo-de-vida-del-mobiliario-2","status":"publish","type":"page","link":"https:\/\/myntwork.com\/es-es\/ciclo-de-vida-del-mobiliario-2\/","title":{"rendered":"Ciclo de vida del mobiliario"},"content":{"rendered":"<p><strong>Ciclo de vida del mobiliario<\/strong> es la secuencia que abarca desde el dise\u00f1o y la adquisici\u00f3n hasta el uso, el mantenimiento, el traslado, la reparaci\u00f3n y el final de su uso.<\/p>\n<h2>Qu\u00e9 significa en el contexto de un lugar de trabajo<\/h2>\n<p>Una organizaci\u00f3n puede influir en varias etapas mediante especificaciones, servicios, datos y decisiones de reutilizaci\u00f3n.<\/p>\n<h2>Por qu\u00e9 es importante<\/h2>\n<p>El enfoque basado en el ciclo de vida desplaza la atenci\u00f3n del precio inicial hacia la vida \u00fatil y las opciones futuras.<\/p>\n<h2>Preguntas que conviene plantearse<\/h2>\n<ul>\n<li>\u00bfQu\u00e9 decisi\u00f3n o requisito respalda el ciclo de vida del mobiliario?<\/li>\n<li>\u00bfQu\u00e9 prueba o registro se requiere?<\/li>\n<li>\u00bfQui\u00e9n es responsable de la informaci\u00f3n y de mantenerla actualizada?<\/li>\n<li>\u00bfC\u00f3mo afecta a la selecci\u00f3n del mobiliario, al servicio o a los cambios futuros?<\/li>\n<\/ul>\n<h2>Aplicaci\u00f3n del concepto<\/h2>\n<p>Cuando el ciclo de vida del mobiliario se utiliza en un objetivo de circularidad, hay que vincularlo a un producto f\u00edsico, un evento del ciclo de vida, pruebas y una persona responsable. Evita utilizar el t\u00e9rmino como una afirmaci\u00f3n general sin una v\u00eda operativa.<\/p>\n<h2>Recursos relacionados de Myntwork<\/h2>\n<ul>\n<li><a href=\"https:\/\/myntwork.com\/es-es\/recursos-2\/oficina-circular\/\">Lugar de trabajo circular<\/a><\/li>\n<li><a href=\"https:\/\/myntwork.com\/es-es\/gestion-del-ciclo-de-vida-del-mobiliario-guia-practica\/\">Gesti\u00f3n del ciclo de vida del mobiliario<\/a><\/li>\n<li><a href=\"https:\/\/myntwork.com\/es-es\/compra-circular-de-mobiliario-de-oficina\/\">Adquisici\u00f3n circular<\/a><\/li>\n<\/ul>\n<h2>Uso del t\u00e9rmino en la adquisici\u00f3n<\/h2>\n<p>Cuando el ciclo de vida del mobiliario aparece en un documento de adquisici\u00f3n, explica qu\u00e9 deben proporcionar los proveedores y c\u00f3mo afectar\u00e1 su respuesta a la evaluaci\u00f3n. Evita solicitar pruebas que no se utilicen en la decisi\u00f3n de adjudicaci\u00f3n y distingue entre los requisitos obligatorios y la informaci\u00f3n preferente.<\/p>\n<p>Despu\u00e9s de la entrega, verifica que se hayan proporcionado los documentos, servicios o informaci\u00f3n del producto prometidos. Una entrega controlada y una responsabilidad clara hacen que el t\u00e9rmino sea operativo, en lugar de dejarlo como una simple formulaci\u00f3n en la oferta original.<\/p>\n","protected":false},"excerpt":{"rendered":"<p>Una definici\u00f3n clara del ciclo de vida del mobiliario para proyectos de mobiliario de oficina y lugares de trabajo.<\/p>\n","protected":false},"author":0,"featured_media":0,"parent":0,"menu_order":29,"comment_status":"closed","ping_status":"closed","template":"","meta":{"_acf_changed":false,"footnotes":""},"class_list":["post-303","page","type-page","status-publish","hentry"],"acf":[],"yoast_head":"<!-- This site is optimized with the Yoast SEO Premium plugin v25.6 (Yoast SEO v28.3) - https:\/\/yoast.com\/product\/yoast-seo-premium-wordpress\/ -->\n<title>Ciclo de vida del mobiliario | Glosario de Myntwork<\/title>\n<meta name=\"description\" content=\"Ciclo de vida del mobiliario explicado para la planificaci\u00f3n de lugares de trabajo, la adquisici\u00f3n de mobiliario de oficina, el alquiler y la gesti\u00f3n del\u2026\" \/>\n<meta name=\"robots\" content=\"index, follow, max-snippet:-1, max-image-preview:large, max-video-preview:-1\" \/>\n<link rel=\"canonical\" href=\"https:\/\/myntwork.com\/es-es\/ciclo-de-vida-del-mobiliario-2\/\" \/>\n<meta property=\"og:locale\" content=\"en_US\" \/>\n<meta property=\"og:type\" content=\"article\" \/>\n<meta property=\"og:title\" content=\"Ciclo de vida del mobiliario\" \/>\n<meta property=\"og:description\" content=\"Ciclo de vida del mobiliario explicado para la planificaci\u00f3n de lugares de trabajo, la adquisici\u00f3n de mobiliario de oficina, el alquiler y la gesti\u00f3n del ciclo de vida. Conoce el significado pr\u00e1ctico, las pruebas y las preguntas\" \/>\n<meta property=\"og:url\" content=\"https:\/\/myntwork.com\/es-es\/ciclo-de-vida-del-mobiliario-2\/\" \/>\n<meta property=\"og:site_name\" content=\"Myntwork Espa\u00f1a\" \/>\n<meta property=\"og:image\" content=\"https:\/\/myntwork.com\/wp-content\/uploads\/2026\/08\/eaf25646c8f149399d75a6309e0c5fee.jpg\" \/>\n\t<meta property=\"og:image:width\" content=\"1200\" \/>\n\t<meta property=\"og:image:height\" content=\"1200\" \/>\n\t<meta property=\"og:image:type\" content=\"image\/jpeg\" \/>\n<meta name=\"twitter:card\" content=\"summary_large_image\" \/>\n<meta name=\"twitter:label1\" content=\"Est. reading time\" \/>\n\t<meta name=\"twitter:data1\" content=\"2 minutes\" \/>\n<script type=\"application\/ld+json\" class=\"yoast-schema-graph\">{\"@context\":\"https:\\\/\\\/schema.org\",\"@graph\":[{\"@type\":\"WebPage\",\"@id\":\"https:\\\/\\\/myntwork.com\\\/es-es\\\/ciclo-de-vida-del-mobiliario-2\\\/\",\"url\":\"https:\\\/\\\/myntwork.com\\\/es-es\\\/ciclo-de-vida-del-mobiliario-2\\\/\",\"name\":\"Ciclo de vida del mobiliario | Glosario de Myntwork\",\"isPartOf\":{\"@id\":\"https:\\\/\\\/myntwork.com\\\/es-es\\\/#website\"},\"datePublished\":\"2026-08-18T01:25:36+00:00\",\"description\":\"Ciclo de vida del mobiliario explicado para la planificaci\u00f3n de lugares de trabajo, la adquisici\u00f3n de mobiliario de oficina, el alquiler y la gesti\u00f3n del ciclo de vida. Conoce el significado pr\u00e1ctico, las pruebas y las preguntas\",\"breadcrumb\":{\"@id\":\"https:\\\/\\\/myntwork.com\\\/es-es\\\/ciclo-de-vida-del-mobiliario-2\\\/#breadcrumb\"},\"inLanguage\":\"en-US\",\"potentialAction\":[{\"@type\":\"ReadAction\",\"target\":[\"https:\\\/\\\/myntwork.com\\\/es-es\\\/ciclo-de-vida-del-mobiliario-2\\\/\"]}]},{\"@type\":\"BreadcrumbList\",\"@id\":\"https:\\\/\\\/myntwork.com\\\/es-es\\\/ciclo-de-vida-del-mobiliario-2\\\/#breadcrumb\",\"itemListElement\":[{\"@type\":\"ListItem\",\"position\":1,\"name\":\"Home\",\"item\":\"https:\\\/\\\/myntwork.com\\\/es-es\\\/\"},{\"@type\":\"ListItem\",\"position\":2,\"name\":\"Ciclo de vida del mobiliario\"}]},{\"@type\":\"WebSite\",\"@id\":\"https:\\\/\\\/myntwork.com\\\/es-es\\\/#website\",\"url\":\"https:\\\/\\\/myntwork.com\\\/es-es\\\/\",\"name\":\"Myntwork\",\"description\":\"Lease de mobiliario de oficina nuevo | Desde 3.95 por puesto de trabajo\",\"publisher\":{\"@id\":\"https:\\\/\\\/myntwork.com\\\/es-es\\\/#organization\"},\"potentialAction\":[{\"@type\":\"SearchAction\",\"target\":{\"@type\":\"EntryPoint\",\"urlTemplate\":\"https:\\\/\\\/myntwork.com\\\/es-es\\\/?s={search_term_string}\"},\"query-input\":{\"@type\":\"PropertyValueSpecification\",\"valueRequired\":true,\"valueName\":\"search_term_string\"}}],\"inLanguage\":\"en-US\"},{\"@type\":\"Organization\",\"@id\":\"https:\\\/\\\/myntwork.com\\\/es-es\\\/#organization\",\"name\":\"Myntwork\",\"url\":\"https:\\\/\\\/myntwork.com\\\/es-es\\\/\",\"logo\":{\"@type\":\"ImageObject\",\"inLanguage\":\"en-US\",\"@id\":\"https:\\\/\\\/myntwork.com\\\/es-es\\\/#\\\/schema\\\/logo\\\/image\\\/\",\"url\":\"https:\\\/\\\/myntwork.com\\\/wp-content\\\/uploads\\\/2025\\\/08\\\/myntwork.png\",\"contentUrl\":\"https:\\\/\\\/myntwork.com\\\/wp-content\\\/uploads\\\/2025\\\/08\\\/myntwork.png\",\"width\":696,\"height\":696,\"caption\":\"Myntwork\"},\"image\":{\"@id\":\"https:\\\/\\\/myntwork.com\\\/es-es\\\/#\\\/schema\\\/logo\\\/image\\\/\"},\"description\":\"Myntwork is een Nederlands bedrijf, gespecialiseerd in het leasen van kantoormeubilair. Het concept draait om flexibiliteit, eenvoud en duurzaamheid, waarbij bedrijven hoogwaardige meubels kunnen huren zonder grote upfront investeringen.\",\"email\":\"contact@myntwork.com\",\"telephone\":\"+31854017823\",\"legalName\":\"Myntwork B.V.\",\"foundingDate\":\"2024-01-26\",\"vatID\":\"NL861015290B01\",\"numberOfEmployees\":{\"@type\":\"QuantitativeValue\",\"minValue\":\"1\",\"maxValue\":\"10\"}}]}<\/script>\n<!-- \/ Yoast SEO Premium plugin. -->","yoast_head_json":{"title":"Ciclo de vida del mobiliario | Glosario de Myntwork","description":"Ciclo de vida del mobiliario explicado para la planificaci\u00f3n de lugares de trabajo, la adquisici\u00f3n de mobiliario de oficina, el alquiler y la gesti\u00f3n del\u2026","robots":{"index":"index","follow":"follow","max-snippet":"max-snippet:-1","max-image-preview":"max-image-preview:large","max-video-preview":"max-video-preview:-1"},"canonical":"https:\/\/myntwork.com\/es-es\/ciclo-de-vida-del-mobiliario-2\/","og_locale":"en_US","og_type":"article","og_title":"Ciclo de vida del mobiliario","og_description":"Ciclo de vida del mobiliario explicado para la planificaci\u00f3n de lugares de trabajo, la adquisici\u00f3n de mobiliario de oficina, el alquiler y la gesti\u00f3n del ciclo de vida. Conoce el significado pr\u00e1ctico, las pruebas y las preguntas","og_url":"https:\/\/myntwork.com\/es-es\/ciclo-de-vida-del-mobiliario-2\/","og_site_name":"Myntwork Espa\u00f1a","og_image":[{"url":"https:\/\/myntwork.com\/wp-content\/uploads\/2026\/08\/eaf25646c8f149399d75a6309e0c5fee.jpg","width":1200,"height":1200,"type":"image\/jpeg"}],"twitter_card":"summary_large_image","twitter_misc":{"Est. reading time":"2 minutes"},"schema":{"@context":"https:\/\/schema.org","@graph":[{"@type":"WebPage","@id":"https:\/\/myntwork.com\/es-es\/ciclo-de-vida-del-mobiliario-2\/","url":"https:\/\/myntwork.com\/es-es\/ciclo-de-vida-del-mobiliario-2\/","name":"Ciclo de vida del mobiliario | Glosario de Myntwork","isPartOf":{"@id":"https:\/\/myntwork.com\/es-es\/#website"},"datePublished":"2026-08-18T01:25:36+00:00","description":"Ciclo de vida del mobiliario explicado para la planificaci\u00f3n de lugares de trabajo, la adquisici\u00f3n de mobiliario de oficina, el alquiler y la gesti\u00f3n del ciclo de vida. Conoce el significado pr\u00e1ctico, las pruebas y las preguntas","breadcrumb":{"@id":"https:\/\/myntwork.com\/es-es\/ciclo-de-vida-del-mobiliario-2\/#breadcrumb"},"inLanguage":"en-US","potentialAction":[{"@type":"ReadAction","target":["https:\/\/myntwork.com\/es-es\/ciclo-de-vida-del-mobiliario-2\/"]}]},{"@type":"BreadcrumbList","@id":"https:\/\/myntwork.com\/es-es\/ciclo-de-vida-del-mobiliario-2\/#breadcrumb","itemListElement":[{"@type":"ListItem","position":1,"name":"Home","item":"https:\/\/myntwork.com\/es-es\/"},{"@type":"ListItem","position":2,"name":"Ciclo de vida del mobiliario"}]},{"@type":"WebSite","@id":"https:\/\/myntwork.com\/es-es\/#website","url":"https:\/\/myntwork.com\/es-es\/","name":"Myntwork","description":"Lease de mobiliario de oficina nuevo | Desde 3.95 por puesto de trabajo","publisher":{"@id":"https:\/\/myntwork.com\/es-es\/#organization"},"potentialAction":[{"@type":"SearchAction","target":{"@type":"EntryPoint","urlTemplate":"https:\/\/myntwork.com\/es-es\/?s={search_term_string}"},"query-input":{"@type":"PropertyValueSpecification","valueRequired":true,"valueName":"search_term_string"}}],"inLanguage":"en-US"},{"@type":"Organization","@id":"https:\/\/myntwork.com\/es-es\/#organization","name":"Myntwork","url":"https:\/\/myntwork.com\/es-es\/","logo":{"@type":"ImageObject","inLanguage":"en-US","@id":"https:\/\/myntwork.com\/es-es\/#\/schema\/logo\/image\/","url":"https:\/\/myntwork.com\/wp-content\/uploads\/2025\/08\/myntwork.png","contentUrl":"https:\/\/myntwork.com\/wp-content\/uploads\/2025\/08\/myntwork.png","width":696,"height":696,"caption":"Myntwork"},"image":{"@id":"https:\/\/myntwork.com\/es-es\/#\/schema\/logo\/image\/"},"description":"Myntwork is een Nederlands bedrijf, gespecialiseerd in het leasen van kantoormeubilair. Het concept draait om flexibiliteit, eenvoud en duurzaamheid, waarbij bedrijven hoogwaardige meubels kunnen huren zonder grote upfront investeringen.","email":"contact@myntwork.com","telephone":"+31854017823","legalName":"Myntwork B.V.","foundingDate":"2024-01-26","vatID":"NL861015290B01","numberOfEmployees":{"@type":"QuantitativeValue","minValue":"1","maxValue":"10"}}]}},"_links":{"self":[{"href":"https:\/\/myntwork.com\/es-es\/wp-json\/wp\/v2\/pages\/303","targetHints":{"allow":["GET"]}}],"collection":[{"href":"https:\/\/myntwork.com\/es-es\/wp-json\/wp\/v2\/pages"}],"about":[{"href":"https:\/\/myntwork.com\/es-es\/wp-json\/wp\/v2\/types\/page"}],"replies":[{"embeddable":true,"href":"https:\/\/myntwork.com\/es-es\/wp-json\/wp\/v2\/comments?post=303"}],"version-history":[{"count":0,"href":"https:\/\/myntwork.com\/es-es\/wp-json\/wp\/v2\/pages\/303\/revisions"}],"wp:attachment":[{"href":"https:\/\/myntwork.com\/es-es\/wp-json\/wp\/v2\/media?parent=303"}],"curies":[{"name":"wp","href":"https:\/\/api.w.org\/{rel}","templated":true}]}}

<p><strong>Ciclo de vida del mobiliario</strong> es la secuencia que abarca desde el diseño y la adquisición hasta el uso, el mantenimiento, el traslado, la reparación y el final de su uso.</p>
<h2>Qué significa en el contexto de un lugar de trabajo</h2>
<p>Una organización puede influir en varias etapas mediante especificaciones, servicios, datos y decisiones de reutilización.</p>
<h2>Por qué es importante</h2>
<p>El enfoque basado en el ciclo de vida desplaza la atención del precio inicial hacia la vida útil y las opciones futuras.</p>
<h2>Preguntas que conviene plantearse</h2>
<ul>
<li>¿Qué decisión o requisito respalda el ciclo de vida del mobiliario?</li>
<li>¿Qué prueba o registro se requiere?</li>
<li>¿Quién es responsable de la información y de mantenerla actualizada?</li>
<li>¿Cómo afecta a la selección del mobiliario, al servicio o a los cambios futuros?</li>
</ul>
<h2>Aplicación del concepto</h2>
<p>Cuando el ciclo de vida del mobiliario se utiliza en un objetivo de circularidad, hay que vincularlo a un producto físico, un evento del ciclo de vida, pruebas y una persona responsable. Evita utilizar el término como una afirmación general sin una vía operativa.</p>
<h2>Recursos relacionados de Myntwork</h2>
<ul>
<li><a href="https://myntwork.com/es-es/recursos-2/oficina-circular/">Lugar de trabajo circular</a></li>
<li><a href="https://myntwork.com/es-es/gestion-del-ciclo-de-vida-del-mobiliario-guia-practica/">Gestión del ciclo de vida del mobiliario</a></li>
<li><a href="https://myntwork.com/es-es/compra-circular-de-mobiliario-de-oficina/">Adquisición circular</a></li>
</ul>
<h2>Uso del término en la adquisición</h2>
<p>Cuando el ciclo de vida del mobiliario aparece en un documento de adquisición, explica qué deben proporcionar los proveedores y cómo afectará su respuesta a la evaluación. Evita solicitar pruebas que no se utilicen en la decisión de adjudicación y distingue entre los requisitos obligatorios y la información preferente.</p>
<p>Después de la entrega, verifica que se hayan proporcionado los documentos, servicios o información del producto prometidos. Una entrega controlada y una responsabilidad clara hacen que el término sea operativo, en lugar de dejarlo como una simple formulación en la oferta original.</p>

<p>Una definición clara del ciclo de vida del mobiliario para proyectos de mobiliario de oficina y lugares de trabajo.</p>

<!-- This site is optimized with the Yoast SEO Premium plugin v25.6 (Yoast SEO v28.3) - https://yoast.com/product/yoast-seo-premium-wordpress/ -->
<title>Ciclo de vida del mobiliario | Glosario de Myntwork</title>
<meta name="description" content="Ciclo de vida del mobiliario explicado para la planificación de lugares de trabajo, la adquisición de mobiliario de oficina, el alquiler y la gestión del…" />
<meta name="robots" content="index, follow, max-snippet:-1, max-image-preview:large, max-video-preview:-1" />
<link rel="canonical" href="https://myntwork.com/es-es/ciclo-de-vida-del-mobiliario-2/" />
<meta property="og:locale" content="en_US" />
<meta property="og:type" content="article" />
<meta property="og:title" content="Ciclo de vida del mobiliario" />
<meta property="og:description" content="Ciclo de vida del mobiliario explicado para la planificación de lugares de trabajo, la adquisición de mobiliario de oficina, el alquiler y la gestión del ciclo de vida. Conoce el significado práctico, las pruebas y las preguntas" />
<meta property="og:url" content="https://myntwork.com/es-es/ciclo-de-vida-del-mobiliario-2/" />
<meta property="og:site_name" content="Myntwork España" />
<meta property="og:image" content="https://myntwork.com/wp-content/uploads/2026/08/eaf25646c8f149399d75a6309e0c5fee.jpg" />
	<meta property="og:image:width" content="1200" />
	<meta property="og:image:height" content="1200" />
	<meta property="og:image:type" content="image/jpeg" />
<meta name="twitter:card" content="summary_large_image" />
<meta name="twitter:label1" content="Est. reading time" />
	<meta name="twitter:data1" content="2 minutes" />
<script type="application/ld+json" class="yoast-schema-graph">{"@context":"https:\/\/schema.org","@graph":[{"@type":"WebPage","@id":"https:\/\/myntwork.com\/es-es\/ciclo-de-vida-del-mobiliario-2\/","url":"https:\/\/myntwork.com\/es-es\/ciclo-de-vida-del-mobiliario-2\/","name":"Ciclo de vida del mobiliario | Glosario de Myntwork","isPartOf":{"@id":"https:\/\/myntwork.com\/es-es\/#website"},"datePublished":"2026-08-18T01:25:36+00:00","description":"Ciclo de vida del mobiliario explicado para la planificación de lugares de trabajo, la adquisición de mobiliario de oficina, el alquiler y la gestión del ciclo de vida. Conoce el significado práctico, las pruebas y las preguntas","breadcrumb":{"@id":"https:\/\/myntwork.com\/es-es\/ciclo-de-vida-del-mobiliario-2\/#breadcrumb"},"inLanguage":"en-US","potentialAction":[{"@type":"ReadAction","target":["https:\/\/myntwork.com\/es-es\/ciclo-de-vida-del-mobiliario-2\/"]}]},{"@type":"BreadcrumbList","@id":"https:\/\/myntwork.com\/es-es\/ciclo-de-vida-del-mobiliario-2\/#breadcrumb","itemListElement":[{"@type":"ListItem","position":1,"name":"Home","item":"https:\/\/myntwork.com\/es-es\/"},{"@type":"ListItem","position":2,"name":"Ciclo de vida del mobiliario"}]},{"@type":"WebSite","@id":"https:\/\/myntwork.com\/es-es\/#website","url":"https:\/\/myntwork.com\/es-es\/","name":"Myntwork","description":"Lease de mobiliario de oficina nuevo | Desde 3.95 por puesto de trabajo","publisher":{"@id":"https:\/\/myntwork.com\/es-es\/#organization"},"potentialAction":[{"@type":"SearchAction","target":{"@type":"EntryPoint","urlTemplate":"https:\/\/myntwork.com\/es-es\/?s={search_term_string}"},"query-input":{"@type":"PropertyValueSpecification","valueRequired":true,"valueName":"search_term_string"}}],"inLanguage":"en-US"},{"@type":"Organization","@id":"https:\/\/myntwork.com\/es-es\/#organization","name":"Myntwork","url":"https:\/\/myntwork.com\/es-es\/","logo":{"@type":"ImageObject","inLanguage":"en-US","@id":"https:\/\/myntwork.com\/es-es\/#\/schema\/logo\/image\/","url":"https:\/\/myntwork.com\/wp-content\/uploads\/2025\/08\/myntwork.png","contentUrl":"https:\/\/myntwork.com\/wp-content\/uploads\/2025\/08\/myntwork.png","width":696,"height":696,"caption":"Myntwork"},"image":{"@id":"https:\/\/myntwork.com\/es-es\/#\/schema\/logo\/image\/"},"description":"Myntwork is een Nederlands bedrijf, gespecialiseerd in het leasen van kantoormeubilair. Het concept draait om flexibiliteit, eenvoud en duurzaamheid, waarbij bedrijven hoogwaardige meubels kunnen huren zonder grote upfront investeringen.","email":"contact@myntwork.com","telephone":"+31854017823","legalName":"Myntwork B.V.","foundingDate":"2024-01-26","vatID":"NL861015290B01","numberOfEmployees":{"@type":"QuantitativeValue","minValue":"1","maxValue":"10"}}]}</script>
<!-- / Yoast SEO Premium plugin. -->

Ciclo de vida del mobiliario explicado para la planificación de lugares de trabajo, la adquisición de mobiliario de oficina, el alquiler y la gestión del…

Ciclo de vida del mobiliario explicado para la planificación de lugares de trabajo, la adquisición de mobiliario de oficina, el alquiler y la gestión del ciclo de vida. Conoce el significado práctico, las pruebas y las preguntas

Myntwork España
