{"id":28253,"date":"2026-08-14T04:33:52","date_gmt":"2026-08-14T04:33:52","guid":{"rendered":"https:\/\/myntwork.com\/fr-ca\/product\/cloison-acoustique-motion-pro\/"},"modified":"2026-08-14T04:33:52","modified_gmt":"2026-08-14T04:33:52","slug":"cloison-acoustique-motion-pro","status":"publish","type":"product","link":"https:\/\/myntwork.com\/fr-ca\/produit\/cloison-acoustique-motion-pro\/","title":{"rendered":"Cloison acoustique Motion Pro"},"content":{"rendered":"<h2>Cloison acoustique Motion Pro : am\u00e9liorez l\u2019acoustique et la confidentialit\u00e9 de votre espace de travail<\/h2>\n<p>La cloison acoustique Motion Pro vous permet d\u2019am\u00e9liorer l\u2019acoustique de votre espace de travail tout en pr\u00e9servant votre intimit\u00e9. Cette cloison est fabriqu\u00e9e \u00e0 partir d\u2019un mat\u00e9riau acoustique de haute qualit\u00e9 qui absorbe et r\u00e9fl\u00e9chit les ondes sonores, r\u00e9duisant ainsi le bruit dans la pi\u00e8ce. Elle offre \u00e9galement une intimit\u00e9 visuelle et cr\u00e9e un espace de travail bien d\u00e9fini.<\/p>\n<p>La cloison acoustique Motion Pro est con\u00e7ue pour \u00eatre utilis\u00e9e avec les bureaux Motion Pro et se fixe facilement aux bureaux. Sa conception simple facilite son installation, et la cloison peut \u00eatre d\u00e9plac\u00e9e ais\u00e9ment lorsque cela est n\u00e9cessaire.<\/p>\n<p>Utilisez la cloison acoustique Motion Pro pour am\u00e9liorer l\u2019acoustique de votre espace de travail et pr\u00e9server votre intimit\u00e9, afin que vous et vos coll\u00e8gues puissiez vous concentrer et \u00eatre plus productifs. Commandez d\u00e8s aujourd\u2019hui et profitez d\u2019un environnement de travail plus calme et mieux organis\u00e9.<\/p>\n","protected":false},"excerpt":{"rendered":"<p><span class=\"ourchoice_badge\">R\u00e9duction efficace du bruit<\/span><\/p>\n","protected":false},"featured_media":28240,"comment_status":"open","ping_status":"closed","template":"","meta":{"_acf_changed":false},"product_brand":[3398],"product_cat":[144],"product_tag":[],"class_list":["post-28253","product","type-product","status-publish","has-post-thumbnail","product_brand-myntwork","product_cat-accessoires","pa_coefficient-de-reduction-son-2859","pa_couleur-black","pa_dimensions-120x80","pa_dimensions-160x80","pa_materiau-recycled-materials","pa_resistance-au-feu-level-b","first","instock","product-type-variable"],"acf":[],"yoast_head":"<!-- This site is optimized with the Yoast SEO Premium plugin v25.6 (Yoast SEO v28.3) - https:\/\/yoast.com\/product\/yoast-seo-premium-wordpress\/ -->\n<title>Cloison acoustique Motion Pro | Myntwork Canada Fran\u00e7ais<\/title>\n<meta name=\"robots\" content=\"index, follow, max-snippet:-1, max-image-preview:large, max-video-preview:-1\" \/>\n<link rel=\"canonical\" href=\"https:\/\/myntwork.com\/fr-ca\/produit\/cloison-acoustique-motion-pro\/\" \/>\n<meta property=\"og:locale\" content=\"en_US\" \/>\n<meta property=\"og:type\" content=\"article\" \/>\n<meta property=\"og:title\" content=\"Cloison acoustique Motion Pro\" \/>\n<meta property=\"og:description\" content=\"R\u00e9duction efficace du bruit\" \/>\n<meta property=\"og:url\" content=\"https:\/\/myntwork.com\/fr-ca\/produit\/cloison-acoustique-motion-pro\/\" \/>\n<meta property=\"og:site_name\" content=\"Myntwork Canada Fran\u00e7ais\" \/>\n<meta property=\"og:image\" content=\"https:\/\/myntwork.com\/wp-content\/uploads\/2025\/06\/Akoestische-tussenwand-Motion-Pro.jpg\" \/>\n\t<meta property=\"og:image:width\" content=\"1108\" \/>\n\t<meta property=\"og:image:height\" content=\"799\" \/>\n\t<meta property=\"og:image:type\" content=\"image\/jpeg\" \/>\n<meta name=\"twitter:card\" content=\"summary_large_image\" \/>\n<meta name=\"twitter:label1\" content=\"Availability\" \/>\n\t<meta name=\"twitter:data1\" content=\"In stock\" \/>\n<script type=\"application\/ld+json\" class=\"yoast-schema-graph\">{\"@context\":\"https:\\\/\\\/schema.org\",\"@graph\":[{\"@type\":\"WebPage\",\"@id\":\"https:\\\/\\\/myntwork.com\\\/fr-ca\\\/produit\\\/cloison-acoustique-motion-pro\\\/\",\"url\":\"https:\\\/\\\/myntwork.com\\\/fr-ca\\\/produit\\\/cloison-acoustique-motion-pro\\\/\",\"name\":\"Cloison acoustique Motion Pro | Myntwork Canada Fran\u00e7ais\",\"isPartOf\":{\"@id\":\"https:\\\/\\\/myntwork.com\\\/fr-ca\\\/#website\"},\"primaryImageOfPage\":{\"@id\":\"https:\\\/\\\/myntwork.com\\\/fr-ca\\\/produit\\\/cloison-acoustique-motion-pro\\\/#primaryimage\"},\"image\":{\"@id\":\"https:\\\/\\\/myntwork.com\\\/fr-ca\\\/produit\\\/cloison-acoustique-motion-pro\\\/#primaryimage\"},\"thumbnailUrl\":\"https:\\\/\\\/myntwork.com\\\/wp-content\\\/uploads\\\/2025\\\/06\\\/Akoestische-tussenwand-Motion-Pro.jpg\",\"datePublished\":\"2026-08-14T04:33:52+00:00\",\"breadcrumb\":{\"@id\":\"https:\\\/\\\/myntwork.com\\\/fr-ca\\\/produit\\\/cloison-acoustique-motion-pro\\\/#breadcrumb\"},\"inLanguage\":\"en-US\",\"potentialAction\":[{\"@type\":\"ReadAction\",\"target\":[\"https:\\\/\\\/myntwork.com\\\/fr-ca\\\/produit\\\/cloison-acoustique-motion-pro\\\/\"]}]},{\"@type\":\"ImageObject\",\"inLanguage\":\"en-US\",\"@id\":\"https:\\\/\\\/myntwork.com\\\/fr-ca\\\/produit\\\/cloison-acoustique-motion-pro\\\/#primaryimage\",\"url\":\"https:\\\/\\\/myntwork.com\\\/wp-content\\\/uploads\\\/2025\\\/06\\\/Akoestische-tussenwand-Motion-Pro.jpg\",\"contentUrl\":\"https:\\\/\\\/myntwork.com\\\/wp-content\\\/uploads\\\/2025\\\/06\\\/Akoestische-tussenwand-Motion-Pro.jpg\",\"caption\":\"Akoestische tussenwand Motion Pro\"},{\"@type\":\"BreadcrumbList\",\"@id\":\"https:\\\/\\\/myntwork.com\\\/fr-ca\\\/produit\\\/cloison-acoustique-motion-pro\\\/#breadcrumb\",\"itemListElement\":[{\"@type\":\"ListItem\",\"position\":1,\"name\":\"Home\",\"item\":\"https:\\\/\\\/myntwork.com\\\/fr-ca\\\/\"},{\"@type\":\"ListItem\",\"position\":2,\"name\":\"Cat\u00e9gories\",\"item\":\"https:\\\/\\\/myntwork.com\\\/fr-ca\\\/categories\\\/\"},{\"@type\":\"ListItem\",\"position\":3,\"name\":\"Cloison acoustique Motion Pro\"}]},{\"@type\":\"WebSite\",\"@id\":\"https:\\\/\\\/myntwork.com\\\/fr-ca\\\/#website\",\"url\":\"https:\\\/\\\/myntwork.com\\\/fr-ca\\\/\",\"name\":\"Myntwork\",\"description\":\"Lease de mobilier de bureau neuf | \u00c0 partir de 3.95 par poste de travail\",\"publisher\":{\"@id\":\"https:\\\/\\\/myntwork.com\\\/fr-ca\\\/#organization\"},\"potentialAction\":[{\"@type\":\"SearchAction\",\"target\":{\"@type\":\"EntryPoint\",\"urlTemplate\":\"https:\\\/\\\/myntwork.com\\\/fr-ca\\\/?s={search_term_string}\"},\"query-input\":{\"@type\":\"PropertyValueSpecification\",\"valueRequired\":true,\"valueName\":\"search_term_string\"}}],\"inLanguage\":\"en-US\"},{\"@type\":\"Organization\",\"@id\":\"https:\\\/\\\/myntwork.com\\\/fr-ca\\\/#organization\",\"name\":\"Myntwork\",\"url\":\"https:\\\/\\\/myntwork.com\\\/fr-ca\\\/\",\"logo\":{\"@type\":\"ImageObject\",\"inLanguage\":\"en-US\",\"@id\":\"https:\\\/\\\/myntwork.com\\\/fr-ca\\\/#\\\/schema\\\/logo\\\/image\\\/\",\"url\":\"https:\\\/\\\/myntwork.com\\\/wp-content\\\/uploads\\\/2025\\\/08\\\/myntwork.png\",\"contentUrl\":\"https:\\\/\\\/myntwork.com\\\/wp-content\\\/uploads\\\/2025\\\/08\\\/myntwork.png\",\"width\":696,\"height\":696,\"caption\":\"Myntwork\"},\"image\":{\"@id\":\"https:\\\/\\\/myntwork.com\\\/fr-ca\\\/#\\\/schema\\\/logo\\\/image\\\/\"},\"description\":\"Myntwork is een Nederlands bedrijf, gespecialiseerd in het leasen van kantoormeubilair. Het concept draait om flexibiliteit, eenvoud en duurzaamheid, waarbij bedrijven hoogwaardige meubels kunnen huren zonder grote upfront investeringen.\",\"email\":\"contact@myntwork.com\",\"telephone\":\"+31854017823\",\"legalName\":\"Myntwork B.V.\",\"foundingDate\":\"2024-01-26\",\"vatID\":\"NL861015290B01\",\"numberOfEmployees\":{\"@type\":\"QuantitativeValue\",\"minValue\":\"1\",\"maxValue\":\"10\"}}]}<\/script>\n<meta property=\"product:brand\" content=\"Myntwork\" \/>\n<meta property=\"og:availability\" content=\"instock\" \/>\n<meta property=\"product:availability\" content=\"instock\" \/>\n<meta property=\"product:retailer_item_id\" content=\"STIL03Z-Z-128-1\" \/>\n<meta property=\"product:condition\" content=\"new\" \/>\n<!-- \/ Yoast SEO Premium plugin. -->","yoast_head_json":{"title":"Cloison acoustique Motion Pro | Myntwork Canada Fran\u00e7ais","robots":{"index":"index","follow":"follow","max-snippet":"max-snippet:-1","max-image-preview":"max-image-preview:large","max-video-preview":"max-video-preview:-1"},"canonical":"https:\/\/myntwork.com\/fr-ca\/produit\/cloison-acoustique-motion-pro\/","og_locale":"en_US","og_type":"article","og_title":"Cloison acoustique Motion Pro","og_description":"R\u00e9duction efficace du bruit","og_url":"https:\/\/myntwork.com\/fr-ca\/produit\/cloison-acoustique-motion-pro\/","og_site_name":"Myntwork Canada Fran\u00e7ais","og_image":[{"url":"https:\/\/myntwork.com\/wp-content\/uploads\/2025\/06\/Akoestische-tussenwand-Motion-Pro.jpg","width":1108,"height":799,"type":"image\/jpeg"}],"twitter_card":"summary_large_image","twitter_misc":{"Availability":"In stock"},"schema":{"@context":"https:\/\/schema.org","@graph":[{"@type":"WebPage","@id":"https:\/\/myntwork.com\/fr-ca\/produit\/cloison-acoustique-motion-pro\/","url":"https:\/\/myntwork.com\/fr-ca\/produit\/cloison-acoustique-motion-pro\/","name":"Cloison acoustique Motion Pro | Myntwork Canada Fran\u00e7ais","isPartOf":{"@id":"https:\/\/myntwork.com\/fr-ca\/#website"},"primaryImageOfPage":{"@id":"https:\/\/myntwork.com\/fr-ca\/produit\/cloison-acoustique-motion-pro\/#primaryimage"},"image":{"@id":"https:\/\/myntwork.com\/fr-ca\/produit\/cloison-acoustique-motion-pro\/#primaryimage"},"thumbnailUrl":"https:\/\/myntwork.com\/wp-content\/uploads\/2025\/06\/Akoestische-tussenwand-Motion-Pro.jpg","datePublished":"2026-08-14T04:33:52+00:00","breadcrumb":{"@id":"https:\/\/myntwork.com\/fr-ca\/produit\/cloison-acoustique-motion-pro\/#breadcrumb"},"inLanguage":"en-US","potentialAction":[{"@type":"ReadAction","target":["https:\/\/myntwork.com\/fr-ca\/produit\/cloison-acoustique-motion-pro\/"]}]},{"@type":"ImageObject","inLanguage":"en-US","@id":"https:\/\/myntwork.com\/fr-ca\/produit\/cloison-acoustique-motion-pro\/#primaryimage","url":"https:\/\/myntwork.com\/wp-content\/uploads\/2025\/06\/Akoestische-tussenwand-Motion-Pro.jpg","contentUrl":"https:\/\/myntwork.com\/wp-content\/uploads\/2025\/06\/Akoestische-tussenwand-Motion-Pro.jpg","caption":"Akoestische tussenwand Motion Pro"},{"@type":"BreadcrumbList","@id":"https:\/\/myntwork.com\/fr-ca\/produit\/cloison-acoustique-motion-pro\/#breadcrumb","itemListElement":[{"@type":"ListItem","position":1,"name":"Home","item":"https:\/\/myntwork.com\/fr-ca\/"},{"@type":"ListItem","position":2,"name":"Cat\u00e9gories","item":"https:\/\/myntwork.com\/fr-ca\/categories\/"},{"@type":"ListItem","position":3,"name":"Cloison acoustique Motion Pro"}]},{"@type":"WebSite","@id":"https:\/\/myntwork.com\/fr-ca\/#website","url":"https:\/\/myntwork.com\/fr-ca\/","name":"Myntwork","description":"Lease de mobilier de bureau neuf | \u00c0 partir de 3.95 par poste de travail","publisher":{"@id":"https:\/\/myntwork.com\/fr-ca\/#organization"},"potentialAction":[{"@type":"SearchAction","target":{"@type":"EntryPoint","urlTemplate":"https:\/\/myntwork.com\/fr-ca\/?s={search_term_string}"},"query-input":{"@type":"PropertyValueSpecification","valueRequired":true,"valueName":"search_term_string"}}],"inLanguage":"en-US"},{"@type":"Organization","@id":"https:\/\/myntwork.com\/fr-ca\/#organization","name":"Myntwork","url":"https:\/\/myntwork.com\/fr-ca\/","logo":{"@type":"ImageObject","inLanguage":"en-US","@id":"https:\/\/myntwork.com\/fr-ca\/#\/schema\/logo\/image\/","url":"https:\/\/myntwork.com\/wp-content\/uploads\/2025\/08\/myntwork.png","contentUrl":"https:\/\/myntwork.com\/wp-content\/uploads\/2025\/08\/myntwork.png","width":696,"height":696,"caption":"Myntwork"},"image":{"@id":"https:\/\/myntwork.com\/fr-ca\/#\/schema\/logo\/image\/"},"description":"Myntwork is een Nederlands bedrijf, gespecialiseerd in het leasen van kantoormeubilair. Het concept draait om flexibiliteit, eenvoud en duurzaamheid, waarbij bedrijven hoogwaardige meubels kunnen huren zonder grote upfront investeringen.","email":"contact@myntwork.com","telephone":"+31854017823","legalName":"Myntwork B.V.","foundingDate":"2024-01-26","vatID":"NL861015290B01","numberOfEmployees":{"@type":"QuantitativeValue","minValue":"1","maxValue":"10"}}]},"product_brand":"Myntwork","og_availability":"instock","product_availability":"instock","product_retailer_item_id":"STIL03Z-Z-128-1","product_condition":"new"},"_links":{"self":[{"href":"https:\/\/myntwork.com\/fr-ca\/wp-json\/wp\/v2\/product\/28253","targetHints":{"allow":["GET"]}}],"collection":[{"href":"https:\/\/myntwork.com\/fr-ca\/wp-json\/wp\/v2\/product"}],"about":[{"href":"https:\/\/myntwork.com\/fr-ca\/wp-json\/wp\/v2\/types\/product"}],"replies":[{"embeddable":true,"href":"https:\/\/myntwork.com\/fr-ca\/wp-json\/wp\/v2\/comments?post=28253"}],"wp:featuredmedia":[{"embeddable":true,"href":"https:\/\/myntwork.com\/fr-ca\/wp-json\/wp\/v2\/media\/28240"}],"wp:attachment":[{"href":"https:\/\/myntwork.com\/fr-ca\/wp-json\/wp\/v2\/media?parent=28253"}],"wp:term":[{"taxonomy":"product_brand","embeddable":true,"href":"https:\/\/myntwork.com\/fr-ca\/wp-json\/wp\/v2\/product_brand?post=28253"},{"taxonomy":"product_cat","embeddable":true,"href":"https:\/\/myntwork.com\/fr-ca\/wp-json\/wp\/v2\/product_cat?post=28253"},{"taxonomy":"product_tag","embeddable":true,"href":"https:\/\/myntwork.com\/fr-ca\/wp-json\/wp\/v2\/product_tag?post=28253"}],"curies":[{"name":"wp","href":"https:\/\/api.w.org\/{rel}","templated":true}]}}

<h2>Cloison acoustique Motion Pro : améliorez l’acoustique et la confidentialité de votre espace de travail</h2>
<p>La cloison acoustique Motion Pro vous permet d’améliorer l’acoustique de votre espace de travail tout en préservant votre intimité. Cette cloison est fabriquée à partir d’un matériau acoustique de haute qualité qui absorbe et réfléchit les ondes sonores, réduisant ainsi le bruit dans la pièce. Elle offre également une intimité visuelle et crée un espace de travail bien défini.</p>
<p>La cloison acoustique Motion Pro est conçue pour être utilisée avec les bureaux Motion Pro et se fixe facilement aux bureaux. Sa conception simple facilite son installation, et la cloison peut être déplacée aisément lorsque cela est nécessaire.</p>
<p>Utilisez la cloison acoustique Motion Pro pour améliorer l’acoustique de votre espace de travail et préserver votre intimité, afin que vous et vos collègues puissiez vous concentrer et être plus productifs. Commandez dès aujourd’hui et profitez d’un environnement de travail plus calme et mieux organisé.</p>

<p><span class="ourchoice_badge">Réduction efficace du bruit</span></p>

<!-- This site is optimized with the Yoast SEO Premium plugin v25.6 (Yoast SEO v28.3) - https://yoast.com/product/yoast-seo-premium-wordpress/ -->
<title>Cloison acoustique Motion Pro | Myntwork Canada Français</title>
<meta name="robots" content="index, follow, max-snippet:-1, max-image-preview:large, max-video-preview:-1" />
<link rel="canonical" href="https://myntwork.com/fr-ca/produit/cloison-acoustique-motion-pro/" />
<meta property="og:locale" content="en_US" />
<meta property="og:type" content="article" />
<meta property="og:title" content="Cloison acoustique Motion Pro" />
<meta property="og:description" content="Réduction efficace du bruit" />
<meta property="og:url" content="https://myntwork.com/fr-ca/produit/cloison-acoustique-motion-pro/" />
<meta property="og:site_name" content="Myntwork Canada Français" />
<meta property="og:image" content="https://myntwork.com/wp-content/uploads/2025/06/Akoestische-tussenwand-Motion-Pro.jpg" />
	<meta property="og:image:width" content="1108" />
	<meta property="og:image:height" content="799" />
	<meta property="og:image:type" content="image/jpeg" />
<meta name="twitter:card" content="summary_large_image" />
<meta name="twitter:label1" content="Availability" />
	<meta name="twitter:data1" content="In stock" />
<script type="application/ld+json" class="yoast-schema-graph">{"@context":"https:\/\/schema.org","@graph":[{"@type":"WebPage","@id":"https:\/\/myntwork.com\/fr-ca\/produit\/cloison-acoustique-motion-pro\/","url":"https:\/\/myntwork.com\/fr-ca\/produit\/cloison-acoustique-motion-pro\/","name":"Cloison acoustique Motion Pro | Myntwork Canada Français","isPartOf":{"@id":"https:\/\/myntwork.com\/fr-ca\/#website"},"primaryImageOfPage":{"@id":"https:\/\/myntwork.com\/fr-ca\/produit\/cloison-acoustique-motion-pro\/#primaryimage"},"image":{"@id":"https:\/\/myntwork.com\/fr-ca\/produit\/cloison-acoustique-motion-pro\/#primaryimage"},"thumbnailUrl":"https:\/\/myntwork.com\/wp-content\/uploads\/2025\/06\/Akoestische-tussenwand-Motion-Pro.jpg","datePublished":"2026-08-14T04:33:52+00:00","breadcrumb":{"@id":"https:\/\/myntwork.com\/fr-ca\/produit\/cloison-acoustique-motion-pro\/#breadcrumb"},"inLanguage":"en-US","potentialAction":[{"@type":"ReadAction","target":["https:\/\/myntwork.com\/fr-ca\/produit\/cloison-acoustique-motion-pro\/"]}]},{"@type":"ImageObject","inLanguage":"en-US","@id":"https:\/\/myntwork.com\/fr-ca\/produit\/cloison-acoustique-motion-pro\/#primaryimage","url":"https:\/\/myntwork.com\/wp-content\/uploads\/2025\/06\/Akoestische-tussenwand-Motion-Pro.jpg","contentUrl":"https:\/\/myntwork.com\/wp-content\/uploads\/2025\/06\/Akoestische-tussenwand-Motion-Pro.jpg","caption":"Akoestische tussenwand Motion Pro"},{"@type":"BreadcrumbList","@id":"https:\/\/myntwork.com\/fr-ca\/produit\/cloison-acoustique-motion-pro\/#breadcrumb","itemListElement":[{"@type":"ListItem","position":1,"name":"Home","item":"https:\/\/myntwork.com\/fr-ca\/"},{"@type":"ListItem","position":2,"name":"Catégories","item":"https:\/\/myntwork.com\/fr-ca\/categories\/"},{"@type":"ListItem","position":3,"name":"Cloison acoustique Motion Pro"}]},{"@type":"WebSite","@id":"https:\/\/myntwork.com\/fr-ca\/#website","url":"https:\/\/myntwork.com\/fr-ca\/","name":"Myntwork","description":"Lease de mobilier de bureau neuf | À partir de 3.95 par poste de travail","publisher":{"@id":"https:\/\/myntwork.com\/fr-ca\/#organization"},"potentialAction":[{"@type":"SearchAction","target":{"@type":"EntryPoint","urlTemplate":"https:\/\/myntwork.com\/fr-ca\/?s={search_term_string}"},"query-input":{"@type":"PropertyValueSpecification","valueRequired":true,"valueName":"search_term_string"}}],"inLanguage":"en-US"},{"@type":"Organization","@id":"https:\/\/myntwork.com\/fr-ca\/#organization","name":"Myntwork","url":"https:\/\/myntwork.com\/fr-ca\/","logo":{"@type":"ImageObject","inLanguage":"en-US","@id":"https:\/\/myntwork.com\/fr-ca\/#\/schema\/logo\/image\/","url":"https:\/\/myntwork.com\/wp-content\/uploads\/2025\/08\/myntwork.png","contentUrl":"https:\/\/myntwork.com\/wp-content\/uploads\/2025\/08\/myntwork.png","width":696,"height":696,"caption":"Myntwork"},"image":{"@id":"https:\/\/myntwork.com\/fr-ca\/#\/schema\/logo\/image\/"},"description":"Myntwork is een Nederlands bedrijf, gespecialiseerd in het leasen van kantoormeubilair. Het concept draait om flexibiliteit, eenvoud en duurzaamheid, waarbij bedrijven hoogwaardige meubels kunnen huren zonder grote upfront investeringen.","email":"contact@myntwork.com","telephone":"+31854017823","legalName":"Myntwork B.V.","foundingDate":"2024-01-26","vatID":"NL861015290B01","numberOfEmployees":{"@type":"QuantitativeValue","minValue":"1","maxValue":"10"}}]}</script>
<meta property="product:brand" content="Myntwork" />
<meta property="og:availability" content="instock" />
<meta property="product:availability" content="instock" />
<meta property="product:retailer_item_id" content="STIL03Z-Z-128-1" />
<meta property="product:condition" content="new" />
<!-- / Yoast SEO Premium plugin. -->

Cloison acoustique Motion Pro | Myntwork Canada Français

Réduction efficace du bruit

Myntwork Canada Français

Catégories

Lease de mobilier de bureau neuf | À partir de 3.95 par poste de travail
